7295?
0
What is the ten thousands digit of 277035671?
3
What is the units digit of 46828073?
3
What is the hundred thousands digit of 2320106589?
1
What is the hundred thousands digit of 19546550?
5
What is the hundred millions digit of 2317574600?
3
What is the units digit of 29703924?
4
What is the thousands digit of 163745547?
5
What is the hundreds digit of 14254176?
1
What is the hundreds digit of 14495315?
3
What is the ten millions digit of 29827896?
2
What is the tens digit of 774271333?
3
What is the ten millions digit of 121945393?
2
What is the hundreds digit of 175053437?
4
What is the tens digit of 36516945?
4
What is the millions digit of 123385903?
3
What is the ten thousands digit of 5156070266?
7
What is the ten thousands digit of 535797401?
9
What is the ten millions digit of 1036443473?
3
What is the tens digit of 73053843?
4
What is the hundred millions digit of 176794225?
1
What is the thousands digit of 10870589?
0
What is the thousands digit of 8963242?
3
What is the units digit of 21872946?
6
What is the millions digit of 7221379?
7
What is the units digit of 155118512?
2
What is the hundreds digit of 30325062?
0
What is the hundreds digit of 49587538?
5
What is the tens digit of 5359723?
2
What is the hundred millions digit of 133248979?
1
What is the hundreds digit of 177222178?
1
What is the tens digit of 59035701?
0
What is the units digit of 688767061?
1
What is the units digit of 240736615?
5
What is the hundred millions digit of 5095959372?
0
What is the units digit of 403176355?
5
What is the millions digit of 286759545?
6
What is the ten millions digit of 344603559?
4
What is the hundreds digit of 8099494?
4
What is the hundreds digit of 3399707556?
5
What is the thousands digit of 176862490?
2
What is the thousands digit of 86501703?
1
What is the hundred thousands digit of 474916028?
9
What is the tens digit of 48062964?
6
What is the hundred thousands digit of 29506915?
5
What is the ten millions digit of 2999884640?
9
What is the tens digit of 1422054708?
0
What is the ten thousands digit of 5079214?
7
What is the tens digit of 159754787?
8
What is the millions digit of 409730284?
9
What is the ten thousands digit of 3816071?
1
What is the units digit of 20589839?
9
What is the units digit of 341095126?
6
What is the tens digit of 276510001?
0
What is the ten thousands digit of 142781736?
8
What is the hundreds digit of 94611136?
1
What is the ten millions digit of 23389778?
2
What is the millions digit of 241685282?
1
What is the thousands digit of 90690088?
0
What is the hundred thousands digit of 129834558?
8
What is the millions digit of 11942184?
1
What is the hundred thousands digit of 402674473?
6
What is the ten millions digit of 499810514?
9
What is the tens digit of 22424151?
5
What is the ten thousands digit of 298206339?
0
What is the ten thousands digit of 48579659?
7
What is the units digit of 1190663463?
3
What is the ten thousands digit of 21319231?
1
What is the hundred millions digit of 240668578?
2
What is the thousands digit of 79714063?
4
What is the hundreds digit of 117528358?
3
What is the thousands digit of 152310871?
0
What is the ten thousands digit of 317910242?
1
What is the millions digit of 3530726?
3
What is the millions digit of 268027268?
8
What is the millions digit of 167756312?
7
What is the millions digit of 380255851?
0
What is the tens digit of 2843040834?
3
What is the hundreds digit of 9667747?
7
What is the hundreds digit of 74466869?
8
What is the units digit of 115897583?
3
What is the billions digit of 2781578627?
2
What is the units digit of 4197637971?
1
What is the ten millions digit of 27570009?
2
What is the hundreds digit of 92015953?
9
What is the millions digit of 13603743?
3
What is the hundred thousands digit of 1991999574?
9
What is the hundred thousands digit of 2088243130?
2
What is the ten thousands digit of 3863426570?
2
What is the hundred thousands digit of 188586810?
5
What is the hundred millions digit of 4444305181?
4
What is the hundred millions digit of 470943086?
4
What is the units digit of 12454946?
6
What is the ten millions digit of 213219810?
1
What is the thousands digit of 250009814?
9
What is the tens digit of 1425253915?
1
What is the hundreds digit of 54294501?
5
What is the thousands digit of 494851441?
1
What is the units digit of 72916494?
4
What is the ten thousands digit of 841995000?
9
What is the millions digit of 155278120?
5
What is the tens digit of 618342244?
4
What is the tens digit of 49454307?
0
What is the hundred thousands digit of 251939333?
9
What is the hundreds digit of 195877632?
6
What is the ten millions digit of 97563893?
9
What is the hundreds digit of 576543087?
0
What is the thousands digit of 638925680?
5
What is the ten thousands digit of 291791429?
9
What is the units digit of 78515088?
8
What is the ten thousands digit of 7290897939?
9
What is the ten thousands digit of 6519859?
1
What is the millions digit of 2885016701?
5
What is the ten thousands digit of 1687224996?
2
What is the hundreds digit of 29407516?
5
What is the hundred millions digit of 530240322?
5
What is the ten millions digit of 25695921?
2
What is the hundred thousands digit of 6782509531?
5
What is the units digit of 1375596635?
5
What is the tens digit of 960097340?
4
What is the ten thousands digit of 59966072?
6
What is the ten millions digit of 47161396?
4
What is the thousands digit of 14286997?
6
What is the billions digit of 1351608210?
1
What is the millions digit of 33421608?
3
What is the thousands digit of 95242688?
2
What is the tens digit of 1156336996?
9
What is the millions digit of 4609554965?
9
What is the hundreds digit of 612938311?
3
What is the ten thousands digit of 384894562?
9
What is the hundred thousands digit of 996494098?
4
What is the hundred millions digit of 3752890426?
7
What is the ten millions digit of 12692346?
1
What is the hundreds digit of 6282876346?
3
What is the hundred thousands digit of 1517387223?
3
What is the hundred thousands digit of 1716738379?
7
What is the tens digit of 12759252?
5
What is the ten millions digit of 144653344?
4
What is the ten thousands digit of 306495173?
9
What is the units digit of 25746361?
1
What is the hundred millions digit of 175066120?
1
What is the hundreds digit of 1861627057?
0
What is the millions digit of 307680414?
7
What is the ten millions digit of 216261493?
1
What is the tens digit of 1179537695?
9
What is the hundred thousands digit of 120799398?
7
What is the millions digit of 51281679?
1
What is the tens digit of 708127815?
1
What is the units digit of 886238742?
2
What is the hundred thousands digit of 1133080728?
0
What is the tens digit of 18290552?
5
What is the thousands digit of 85834732?
4
What is the hundred millions digit of 3308608863?
3
What is the ten thousands digit of 2215356454?
5
What is the ten thousands digit of 249907498?
0
What is the ten millions digit of 39563260?
3
What is the millions digit of 316946907?
6
What is the hundreds digit of 30926267?
2
What is the hundred thousands digit of 273668151?
6
What is the thousands digit of 1440151128?
1
What is the ten thousands digit of 2849879448?
7
What is the hundred thousands digit of 4844517080?
5
What is the hundred millions digit of 311843121?
3
What is the hundreds digit of 200094017?
0
What is the ten millions digit of 774676100?
7
What is the tens digit of 5877353?
5
What is the thousands digit of 815023691?
3
What is the hundred thousands digit of 73639912?
6
What is the thousands digit of 443822446?
2
What is the ten thousands digit of 269284873?
8
What is the hundred millions digit of 248271624?
2
What is the thousands digit of 207641675?
1
What is the hundreds digit of 58907788?
7
What is the hundreds digit of 34152568?
5
What is the units digit of 96458281?
1
What is the hundreds digit of 30321754?
7
What is the hundred millions digit of 1101032717?
1
What is the units digit of 2973425650?
0
What is the units digit of 333152372?
2
What is the hundreds digit of 56559648?
6
What is the hundred millions digit of 1605260437?
6
What is the ten thousands digit of 27030841?
3
What is the units digit of 3153200157?
7
What is the units digit of 2588683947?
7
What is 